 factors of n.
2, 3, 17
Let y(n) = n**2 + 11*n - 4*n + 0*n**2 - 3*n. What are the prime factors of y(-5)?
5
Let m = 19 + -16. Suppose -m*k - 305 = -5*l, -10 - 15 = 5*k. What are the prime factors of l?
2, 29
Let a = 94 + -45. Let h = a + -4. What are the prime factors of h?
3, 5
Let x be 7/(-5) + (-4)/(-10). Let k be x/2 - (-147)/(-14). Let i = 11 - k. List the prime factors of i.
2, 11
Let q be (2/6)/((92/(-120))/(-23)). Suppose q*w - 1596 = 4*w. List the prime factors of w.
2, 7, 19
Let p be (-45)/(-15) + (-2)/2 - -18. Suppose 9*h - 106 - p = 0. List the prime factors of h.
2, 7
What are the prime factors of (865 - 0) + 0/4?
5, 173
Let s(c) = -c**3 - 5*c**2 - 7*c + 122. What are the prime factors of s(-13)?
5, 313
What are the prime factors of (-197584)/(-96) + (-2)/12?
2, 3, 7
Let r(i) = 3*i**3 - 5*i**2 + 11 - 8 - 4*i**3 - 3*i. Let y be r(-4). Let k(z) = -42*z**3 + 3*z**2 + z - 1. What are the prime factors of k(y)?
43
Suppose 22*z + 17*z - 61659 = 0. What are the prime factors of z?
3, 17, 31
Let u(j) = 18*j**2 - j - 1. Let c = 1 + 4. Suppose 0 = -c*h + 4 - 9. List the prime factors of u(h).
2, 3
Let q = -17 + 23. Let d = q - 4. List the prime factors of -3 - (-3 + d) - -32.
2, 3, 5
Suppose 25*r + 5460 = 45*r. What are the prime factors of r?
3, 7, 13
Suppose -2*l + 29 = -0*i + 5*i, l = 2*i - 8. Suppose 4*p = 16, -p + l = -z - 11. Let t = z - -16. What are the prime factors of t?
7
Suppose 63*x = 59*x + 5180. List the prime factors of x.
5, 7, 37
Let d(v) = 19*v**3 + 2*v**2 - v. Let x(a) be the first derivative of -a**2/2 - 5*a + 5. Let c be x(-6). List the prime factors of d(c).
2, 5
Let g = 2262 + -563. What are the prime factors of g?
1699
What are the prime factors of 2*(-3)/(-18) + (-3424)/(-24)?
11, 13
What are the prime factors of 18/5 - 3 - (-2914)/10?
2, 73
Suppose 2*u = -2*u. Suppose 4*v + 2 - 10 = u. Suppose -5*x = -23 - v. List the prime factors of x.
5
Let s(k) = -k**2 - k + 190. Let d be s(0). Suppose 19*t - 14*t - d = 0. What are the prime factors of t?
2, 19
Let x = 10 - 1. List the prime factors of x*(1 + -5)/(-4).
3
Let z be 4*(84/16)/7. Suppose 4*c - 108 = -5*g, 8*c - 135 = z*c + 2*g. What are the prime factors of (-18)/c - 214/(-6)?
5, 7
Let g = -6 + 6. Let f be 0 + g - (-5 - -5). What are the prime factors of 28 - 2/(f + -2)?
29
Suppose 29*y + 370 = 31*y - 4*m, 3*y - 2*m = 559. What are the prime factors of y?
11, 17
Let x = -6 - -4. Let u(k) = 2*k**2 + 2. Let j be u(x). Suppose -4*m + 61 = -f, 3*m - 2*m - j = 2*f. What are the prime factors of m?
2
Suppose 21*r + 952 + 686 = 0. Suppose s + 40 = -96. Let v = r - s. List the prime factors of v.
2, 29
Let r(u) be the first derivative of -u**3/3 + 16*u**2 - 10*u - 8. List the prime factors of r(23).
197
Let r be (69 - 12/4) + -4. Suppose -y + r = 190. Let p = -85 - y. What are the prime factors of p?
43
Suppose -3*p = 2*p + 3*x - 85, 115 = 5*p - 3*x. Let a = p + -17. Suppose -s = -q - 4*q + 8, 2*q = -a*s + 10. What are the prime factors of s?
2
Let q = -90 + 1524. List the prime factors of q.
2, 3, 239
Suppose 2*v - 5*q = 1709, -2*q - 1742 = -2*v - 42. What are the prime factors of v?
7, 11
Let l(j) = -2 - 4*j + 2*j + 5*j**2 + 5 - 3*j**2. Let u be 0 - 0 - (-9)/(-3). List the prime factors of l(u).
3
List the prime factors of (-84)/(-12) + 3312 - -2.
3, 41
Let a be (465/(-62))/(6/(-88)). Let y be (-1)/3 - (-447)/(-9). Let z = a + y. What are the prime factors of z?
2, 3, 5
Let b be 220/8*-1*-88. Suppose -9*y + b = 13*y. What are the prime factors of y?
2, 5, 11
Let r(v) = 7*v + 4. Let o be r(2). What are the prime factors of ((-9)/2)/(o/(-168))?
2, 3, 7
Let v(n) = n**2 - 4*n + 3. Let y be v(4). Suppose -2*p - y*p = -35. List the prime factors of p.
7
Let q(x) be the third derivative of x**5/60 - x**4/24 - x**3/2 + 18*x**2. Suppose -3*i - 23 = -5. What are the prime factors of q(i)?
3, 13
Let u(f) = 6*f + 3. Let k(b) be the second derivative of -b**4/12 + b**3 + b**2/2 + b. Let w be k(5). List the prime factors of u(w).
3, 13
Suppose -1 + 5 = 2*a. Suppose -4 = -a*t + 3*t. What are the prime factors of 23 + 1 + 8/t?
2, 11
Suppose 41*m - 43*m = -896. List the prime factors of m.
2, 7
Suppose 8*f + 3 = 9*f. Suppose -f*l + 259 = o, -3*l = -o - 224 - 39. What are the prime factors of l?
3, 29
Suppose 8*w + 9 = 5*w. Let c(y) = y**3 + 4*y**2 + 4*y + 5. Let s be c(w). List the prime factors of 2 + (-2 - s) + 5.
3
Let d = -1 + 3. Suppose -3*r = d*r - 395. Let q = r - 46. List the prime factors of q.
3, 11
Suppose -2*j + 22 = -3*x - 2272, -4584 = -4*j + 4*x. List the prime factors of j.
2, 11, 13
Let a = 3348 + -332. List the prime factors of a.
2, 13, 29
Let l be 7/(-28) - 153/12. Let g(n) = n**2 + 10*n - 10. Let w be g(l). Let d = w + 4. List the prime factors of d.
3, 11
Let v(n) = -2*n**2 - n + 13. Let o be v(6). What are the prime factors of (-2)/3*(2 + o)?
2, 3, 7
Suppose 14*y + 209 = 15*y. What are the prime factors of y?
11, 19
Suppose 2*j + 12 = -2. Let l = 12 + j. List the prime factors of l.
5
Let x be 74/9 + 10/(-45). Suppose 0 = x*w - 13*w. Suppose 4*p = 3*g + 91, 0 = -w*p - 2*p - 3*g + 23. List the prime factors of p.
19
Suppose 46 + 9 = 11*a. Suppose -a*y + 182 = 4*l - 397, 3*l = 5*y - 607. List the prime factors of y.
7, 17
Suppose 8*n + a = 6*n + 1591, -5*n - 4*a = -3970. What are the prime factors of n?
2, 3, 7, 19
Let z(l) = -14*l**3 + l**2 + l - 1. Let m be z(1). Let h(a) = -56*a - 17. Let t be h(m). List the prime factors of (-4)/10 + t/15.
47
Let x(k) = 15 - k**2 + 4*k**3 + 11 + k + 0 - 3*k**3. Let a be x(0). Suppose a = 3*l - l. What are the prime factors of l?
13
Suppose -2*p + 14 = 80. Let b = p + 76. List the prime factors of b.
43
Let y be -2 + (-1 - (4 + -12)). Suppose -7*c + y*c + 88 = 0. What are the prime factors of c?
2, 11
Let n(i) = i + 1. Let q(z) = 25*z. Let y(x) = -2*n(x) - q(x). What are the prime factors of y(-4)?
2, 53
Let y = -14 - 1. What are the prime factors of 2084/10 - (-6)/y?
2, 13
What are the prime factors of 3925/10 + 7/14?
3, 131
Let k = -83 + 188. Suppose -3*v - k = -5*u + 80, 0 = 4*v. List the prime factors of u.
37
Suppose -547 = -6*v + 1205. List the prime factors of v.
2, 73
Let t = 847 - 187. List the prime factors of t.
2, 3, 5, 11
Suppose 2147 + 1534 = 3*m - 3*c, 0 = 3*c. List the prime factors of m.
3, 409
Suppose 14014 = 85*i - 72*i. What are the prime factors of i?
2, 7, 11
Let u(i) = i**2 - 9*i - 41. What are the prime factors of u(-7)?
71
Suppose -12*i - 48 = -16*i. Let w(y) = -i*y + 15*y - 8*y + y**2 + 2. List the prime factors of w(6).
2
Let k(a) be the third derivative of -a**6/120 - 17*a**5/60 - 5*a**4/24 - 11*a**3/2 + 3*a**2. What are the prime factors of k(-17)?
2, 13
What are the prime factors of 3 + (-30)/10 - (-69 + -2)?
71
Let a = 870 - -52. What are the prime factors of a?
2, 461
Let u(a) = -4*a**2 - 13*a + 23. Let i(h) = -9*h**2 - 27*h + 46. Let n(m) = 2*i(m) - 5*u(m). What are the prime factors of n(-14)?
5, 43
Suppose -3*q = 4*p + 3, 0*q + 3*q - p = 12. Suppose -624 = -5*y - q*y. List the prime factors of y.
2, 3, 13
Let u(v) = -v**3 + 14*v**2 - 1. Let z(q) = q**3 - 13*q**2. Let h(c) = -5*u(c) - 6*z(c). Let o = 23 - 15. What are the prime factors of h(o)?
5
Let c be (20/(-7))/((-40)/140). Suppose c*m - 3*m - 266 = 0. What are the prime factors of m?
2, 19
Let l(v) = 5*v - 19. Let k be l(5). List the prime factors of 268/2 - (-8 + k).
2, 17
Let t(p) = p**2 - 9*p + 4. Let d = 7 - -6. What are the prime factors of t(d)?
2, 7
Let f be (13/4)/(2/56). Suppose -q + 188 = q - j, -q + 2*j + f = 0. List the prime factors of q.
5, 19
Suppose j - 32 + 13 = 0. Let l(i) = -i**2 + 7*i - 1. Let v be l(7). Let u = j - v. What are the prime factors of u?
2, 5
Let m(f) = 2*f - 2. Let z be m(-4). Let v(s) = -s**2 - 10*s + 3. Let i be v(z). Suppose -4*t - o + 86 = -t, 3*t - 78 = i*o. What are the prime factors of t?
2, 7
Let i be 4/(-30) + (-9034)/(-30). Suppose -5*a - 5 = 0, 4*j + 0*a - i = 5*a. What are the prime factors of j?
2, 37
Let z(o) = 128*o + 69. Let p(g) = -43*g - 23. Let c(h) = 11*p(h) + 4*z(h). What are the prime factors of c(4)?
179
Let g be 10/(-30) - (-1)/3. List the prime factors of g - -29 - (-12)/4.
2
Let p = -146 + 145. What are the prime factors of 2/8 - (1782/(-8) - p)?
2, 3, 37
Let g be 1*14 + (-12)